
8
Let q(o) = -26 - 22 - 23 - 31 - 2*o + 106. Give q(-7).
18
Let u(z) = -2*z + 33. Let w be u(14). Let f(q) = -2 + 3 + q**2 + 4*q + w*q + 5. Calculate f(-6).
-12
Let z = -53 - -57. Suppose -u - 18 = 2*j + 2*u, -z*j - 16 = u. Let n(w) = -w**3 - 2*w**2 + 3*w. What is n(j)?
0
Let p(b) = b - 4. Suppose -20*d + 8 = -22*d. Let u(s) = -1. Let c(h) = d*u(h) - p(h). Determine c(6).
2
Let h(p) = -p**2 + 13*p - 4. Let c(d) = -d**2 + 12*d - 4. Let j(w) = 7*c(w) - 6*h(w). Let v be (-12)/4*-1 + 3. Determine j(v).
-4
Let r(b) = -b**2 - 8*b + 1. Suppose 0 = 3*o - 2*f - 18, 0*f = -5*o + f + 23. Let i be o/((-4)/7) + (2 - 1). Give r(i).
13
Let l be 11*(-45)/50 + 2/(-20). Let j(o) = o**3 + 10*o**2 + o + 17. Determine j(l).
7
Let y(c) = c**3 + 6*c**2 + 4. Let x be y(-6). Let u(m) = m - 4*m - x + 4*m - 2*m. Give u(4).
-8
Let s(u) = -27 - 26*u - 24 - 26*u + 49*u + 13. Determine s(-12).
-2
Let p be -2*2 - (-109 - 3 - -4). Let t = 98 - p. Let r(z) = z - 7. What is r(t)?
-13
Let b(u) = u**2 + 8*u + 14. Let v be b(-6). Let c be (((-490)/(-15))/(-7))/(v/3). Let d(z) = z - 6. Determine d(c).
-13
Suppose -2*p = -3*p + 1. Let g(a) = -a - 1. Let s(j) = j - 1. Let k(b) = -3*b + 2. Let i(x) = -3*k(x) - 8*s(x). Let l(y) = 2*g(y) + i(y). Give l(p).
-1
Let u = 131 - 139. Let f(z) = -z**2 - 5*z + 23. What is f(u)?
-1
Let z(c) be the second derivative of -1/2*c**2 + 9*c - 1/6*c**3 + 0*c**4 - 1/2*c**5 + 0. Calculate z(-1).
10
Let h = -48 - -50. Let t(f) = 4 - 3 + 5*f - 4*f - h. What is t(-5)?
-6
Let n(k) = -k**3 - 8*k**2 - 8*k - 10. Suppose 42 = -1533*g + 1527*g. Calculate n(g).
-3
Let q(p) = -p**3 + 3*p**2 + p + 1. Let v be q(3). Let f(z) be the first derivative of -123*z**2 + 2*z + 65*z**2 + 57*z**2 + 6. Calculate f(v).
-6
Suppose 4 = f - 3*j - 0, -5*j = 5*f + 20. Let s(d) = 14*d + 4. Let t(r) = 29*r + 9. Let p(v) = -13*s(v) + 6*t(v). Calculate p(f).
18
Suppose 0 = -2*k + 5*k + 18. Let a(d) = 34*d - 14. Let h(z) = -74*z + 29. Let g(m) = -13*a(m) - 6*h(m). Give g(k).
-4
Let f(n) = n**2 + 7*n + 1. Let d be (10/3)/((-8)/(-12)). Suppose 4*t + 0*t = -t. Suppose t*o = o + d. Determine f(o).
-9
Let d(s) be the second derivative of 0 - 39*s - 1/20*s**5 - 2/3*s**4 - 9/2*s**2 - 1/3*s**3. Determine d(-8).
7
Let z(u) be the first derivative of -u**4/4 + u**3/3 + u**2/2 + u - 317. Give z(-3).
34
Let b(k) = -k**3 + 5*k**2 + 8*k - 2. Let o(z) = z + 10. Let m be o(-9). Suppose 4*i - m - 23 = 0. Calculate b(i).
10
Suppose -n = 2*n + 4*h - 18, 3*h + 1 = 5*n. Let t(b) = -4*b + b**3 + b - 5676*b**2 + 5680*b**2. Determine t(n).
18
Let f(i) = -5 + 0*i**3 + 401*i + 0*i**3 - 389*i - 12*i**2 + i**3. What is f(11)?
6
Let i(z) = -4*z - 99. Let y be i(-24). Let b(m) = -8*m - 1. Give b(y).
23
Suppose 3*m - 4 = -1. Let f(i) = -9 - 3 + 23 - 2*i - 11. Give f(m).
-2
Suppose -2*a - 5*i = -746 - 42, i + 380 = a. Let h be (a/72)/(4/(-6)). Let d(k) = -k - 5. Calculate d(h).
3
Let m be 3*(5/(-15) - 10/(-6)). Let s(k) be the first derivative of k**2 + 1 - k + 4*k**2 - 4*k**2. Calculate s(m).
7
Let t = 101 + -71. Let y be (t/24)/(21/12 - 2). Let f(w) = 0*w + 6 + 13*w + 2*w**2 - 5*w. Give f(y).
16
Let x(m) = 10*m**2 + 72*m + 22. Let c be x(-7). Let j(n) = -6*n - 2. What is j(c)?
-50
Let m be 1 - 4 - 22/(-2). Let q be m/1*1/4. Let b(k) = k**q - 1 - k - k - 2. Determine b(-3).
12
Let s(u) = -30 - 34 + 73 - 120*u**3 + u**2 + 119*u**3 + 2*u. Calculate s(0).
9
Let n(s) = -3*s**3 - 13*s**2 - 16*s + 5. Let z(r) = -2*r**3 - 12*r**2 - 16*r + 7. Let c(y) = -3*n(y) + 4*z(y). Calculate c(10).
-47
Let r(f) = -f + 2. Let v be r(-4). Let p be (1 + -3 - -2) + v. Let g(s) = -8*s - 14. Let d(k) = -2*k - 5. Let w(u) = -7*d(u) + 2*g(u). Determine w(p).
-5
Let b(z) = -2*z - 1. Suppose 2*y - 36 = -0*y. Let i = 20 - y. Suppose -5*w = 4*l + 13, i*l - w = 2*w + 21. Calculate b(l).
-7
Let r(b) be the second derivative of -5*b**4/12 - b**3/3 + 3*b**2 + 5*b. Let u(n) = -4*n**2 - n + 5. Let v(o) = -2*r(o) + 3*u(o). Determine v(3).
-12
Let o(x) = -x**2 + 8*x - 6. Let f(z) = -1. Let k(r) = f(r) + o(r). Suppose 2*v - 5*v = 36. Let p be (-78)/v + 6/(-4). Determine k(p).
8
Let t = -1 - -1. Let v = -77 + 85. Let l(o) = -v + 8 - o + t. Calculate l(4).
-4
Suppose 5 = -7*s + 2*s. Let g be 4*s*1/2. Let t(o) = -2*o - 4 + o**3 + 3 - 2. Determine t(g).
-7
Let x(q) be the third derivative of q**7/840 + 7*q**6/360 + q**4/24 + 17*q**3/6 + 22*q**2. Let t(z) be the first derivative of x(z). Give t(-7).
1
Let f be (0/1)/(-1 - -2). Let w(a) be the third derivative of -a**6/720 - a**5/24 - a**4/3 - 4*a**2. Let d(n) be the second derivative of w(n). Calculate d(f).
-5
Let q(l) be the third derivative of l**5/60 - l**4/6 - l**3/6 + l**2 + 66*l. Let a be -3*1 + 1 - -8. Let o = 9 - a. Determine q(o).
-4
Let h(o) = o**3 + 8*o**2 + 2*o + 6. Let a = -751 - -744. Give h(a).
41
Let m(c) = 0*c - c - 5*c**2 + 7 - 8 - c**3 - 2*c. Let l(n) = 6*n - 8. Let x be l(6). Suppose -5*p + 2*b - x = 0, 0 = p + 2*b - 6 + 2. Calculate m(p).
-5
Let h(g) be the first derivative of -2*g**2 + 12*g + 45. Determine h(5).
-8
Let k(g) = 2*g**2 + 11 - 10 - 3*g - 5*g**3 + 15*g**3 - 9*g**3. What is k(2)?
11
Let u(w) = w**3 + 4*w**2 - w - 3. Suppose -j + 5*j + 16 = 0. Let i be u(j). Let l(g) be the first derivative of 3*g**4/2 + 2*g**3/3 - g + 2. Determine l(i).
7
Let a(u) be the third derivative of u**4/12 - 5*u**3/6 + 30*u**2. Let t be a(0). Let r(p) = -p**2 - 4*p - 6. Determine r(t).
-11
Let p(n) be the third derivative of -n**6/120 + n**5/10 + 2*n**4/3 - n**3 + 364*n**2. Calculate p(8).
-6
Let y(p) = p - 7. Let c be y(3). Suppose 2*r + 6 = 4*r. Let o(n) = 12*n**r - 6 - 13*n**3 + 4*n - 2*n**2 + 3 - n**2. Determine o(c).
-3
Let r be (-12)/(-20) - 36/(-15). Let q(a) = 2 - 7*a + r*a + 3*a. Suppose -o - 5*g + 2 = 0, -o - 3*o = -3*g - 8. Calculate q(o).
0
Let y(g) = g**2 - g. Let a(z) = 4*z**2 - 7*z - 4. Suppose -3*k + 10 = 2*h - 3*h, 4*k = -3*h + 9. Let m(s) = h*a(s) + 3*y(s). Calculate m(5).
-1
Let g be ((-6)/45 - 160/(-75)) + 4. Let o(v) = -v**3 + 7*v**2 - 8*v + 7. Give o(g).
-5
Suppose -14*h = -5*h - 9. Let z(c) = -c**3 - c**2 + 2*c - 1. Calculate z(h).
-1
Let z(h) = -h - 9. Let i be 45/(-5) + (2 - 1). Let f = -6 - i. Suppose 2*u - 2 = -4*q, 5*q + 1 = f*u - 5*u. Determine z(u).
-2
Let o(z) be the third derivative of -z**4/24 + 7*z**3/3 - 38*z**2 + 4*z. Calculate o(19).
-5
Let j(f) be the second derivative of f**5/20 + f**4/2 + f**3/2 - 3*f**2/2 - f - 677. Suppose 2 = -2*x - 8. What is j(x)?
7
Let l(y) = -6*y**3 - 6*y**2 - 10*y + 9. Let i(o) = 5*o**3 + 5*o**2 + 9*o - 8. Let z(b) = -7*i(b) - 6*l(b). Let r be z(-3). Let j(h) = h**2 + 7*h + 2. Give j(r).
2
Let a = 1200 - 1203. Let r(n) = -7*n - 12. Calculate r(a).
9
Let a(c) = -c**3 - 4*c**2 + 4*c - 1. Let d = -17 - -12. What is a(d)?
4
Let w(p) = 7 + 1 - 8*p + 5*p - p**2 - 5. Let u = -13 + 9. What is w(u)?
-1
Let l(i) = i**3 - i**2 + i + 8. Suppose 0*r - 3*r + 21 = 0. Let n(p) = -7*p + p**2 + 0 + 17 - r. Let q be n(5). Calculate l(q).
8
Let m(o) = -o**3 - 3*o**2 + o + 1. Suppose -3*n + 222 = -2*u, n - 167 = -n - 5*u. Let i = -80 + n. Give m(i).
13
Let m(j) be the first derivative of -j + 0*j**2 + 4/3*j**3 - 51 - 1/4*j**4. What is m(4)?
-1
Suppose -4*j - 4*m + 0*m + 16 = 0, -5*j + 3*m = 20. Let k be (42/7)/(6/52). Let b(n) = n + 8*n**2 + 52 - k. Determine b(j).
7
Let r = -11 - -16. Let x(c) = 5*c - 1. Suppose -m + 12 = 2*m. Let f(l) = 9*l - 3. Let u(q) = m*f(q) - 7*x(q). Calculate u(r).
0
Suppose 0 = 5*i - 5*w - 80, -i - 4*w = -w + 4. Let v(t) = 5 - 8*t + 12*t**2 + 2*t + 0 - i*t**2. Give v(5).
0
Let c = -1 - -4. Let q = c - 0. Let a(z) = q*z**2 + 2*z - 8 + 7 - 3*z. What is a(-2)?
13
Let h(l) = l + 19. Let s = 287 - 301. What is h(s)?
5
Let p(n) = n**3 - 8*n**2 + 2*n - 1. Suppose 2*f = -3*x + 28 + 3, 5*f = 5*x + 15. Determine p(f).
15
Let c(m) = m. Let h(s) = s**3 + 13*s**2 + 16*s - 13. Let i(u) = u**3 + 13*u**2 + 15*u - 14. Let a(q) = -4*h(q) + 5*i(q). Let d be a(-12). What is c(d)?
-6
Suppose 0 = -7*d + 6*d. Suppose 2*f = -d*f - 2. Let c(o) = -o**3 - o**2 + 1. Determine c(f).
1
Let l(t) = t. Let s(g) = 4*g. Let k(n) = -12*l(n) + 2*s(n). Let i(v) = 7*v - 1. Let f(b) = 3*i(b) + 5*k(b). Calculate f(2).
-1
Let o(m) = m**2 - 7*m - 1. Let d be o(7). Let y(s) = 21*s + 1. Determine y(d).
-20
Let m(d) = -5 + 130*d - 44*d + 8*d**2 + d**3 - 79*d. Let u(q) = -q. 